 + 49?
-b9a
In base 15, what is -4 + -2d55?
-2d59
In base 7, what is -24 - 13004?
-13031
In base 3, what is 1 + -12122201112?
-12122201111
In base 4, what is 11211221020 + -2?
11211221012
In base 15, what is 1 - 8109?
-8108
In base 2, what is 1111101011001111 + 0?
1111101011001111
In base 8, what is -310 + -146?
-456
In base 16, what is -bac7c + 3?
-bac79
In base 6, what is -2302 - -21355?
15053
In base 12, what is -47 - 13?
-5a
In base 8, what is 0 - 34220?
-34220
In base 14, what is c376 + 4?
c37a
In base 16, what is -121 - 56?
-177
In base 3, what is 1100002020 + -1?
1100002012
In base 6, what is 20 - -325350?
325410
In base 9, what is 14 + 1658?
1673
In base 16, what is 16 - -1e8d?
1ea3
In base 9, what is 2 - -73036?
73038
In base 15, what is -5 + 44ed?
44e8
In base 14, what is -6d62 + 1?
-6d61
In base 13, what is -6 - 958a8?
-958b1
In base 2, what is -1010001001 - 1011101?
-1011100110
In base 4, what is -3213 + -2031?
-11310
In base 7, what is 14040 + 2?
14042
In base 12, what is a94 + 49?
b21
In base 5, what is 213300033 - 10?
213300023
In base 10, what is 1971423 - 5?
1971418
In base 10, what is -6201 - 2?
-6203
In base 14, what is -5 + -23b7?
-23bc
In base 6, what is -14 + 300?
242
In base 12, what is 65a + 94?
732
In base 6, what is 3505 + 1212?
5121
In base 5, what is 2211113343 + -3?
2211113340
In base 15, what is -c31 + 17a?
-aa6
In base 12, what is -4 - -100384?
100380
In base 3, what is 212 + 1122100?
1200012
In base 14, what is 1 + -3bcad?
-3bcac
In base 9, what is 0 + 467738?
467738
In base 13, what is -487 + -4?
-48b
In base 12, what is ba3b - 2?
ba39
In base 10, what is 62852 + -45?
62807
In base 14, what is -11 + -13bd?
-13d0
In base 2, what is -1 - -1010111011001?
1010111011000
In base 8, what is 13 - 12041?
-12026
In base 9, what is 128380 + 27?
128417
In base 4, what is -23202332 - 1?
-23202333
In base 10, what is 5875 + -46?
5829
In base 4, what is -31 + 2011120?
2011023
In base 4, what is -1031 + -1103213?
-1110310
In base 9, what is -17 - -21005?
20877
In base 13, what is -347aa + -5?
-347b2
In base 6, what is 130 - -434?
1004
In base 9, what is -2 - 367042?
-367044
In base 14, what is 93 + 58?
10b
In base 10, what is -49 - 683?
-732
In base 8, what is -2043 - -375?
-1446
In base 6, what is -111233 - 2052?
-113325
In base 16, what is -4 - 2ae1f?
-2ae23
In base 4, what is -111223223133 + 10?
-111223223123
In base 13, what is -95a - 26?
-983
In base 8, what is 460 - 5517?
-5037
In base 4, what is 21330122020 - 2?
21330122012
In base 10, what is 1 + -561185?
-561184
In base 8, what is -254300 + -20?
-254320
In base 6, what is -2043214 + -1?
-2043215
In base 15, what is -35d5c - -2?
-35d5a
In base 3, what is 1022002202001 - 0?
1022002202001
In base 6, what is -11 - 4103?
-4114
In base 15, what is -dd2 - -2?
-dd0
In base 12, what is -97 + -3a87?
-3b62
In base 14, what is 5352 + -2?
5350
In base 7, what is -4 + -402223?
-402230
In base 9, what is -12 + 673?
661
In base 9, what is -453 + -112?
-565
In base 4, what is -20230 - -213?
-20011
In base 6, what is -3 + -33355110?
-33355113
In base 10, what is 22012 - -30?
22042
In base 13, what is b - 1b937?
-1b929
In base 5, what is 1 - 13020214?
-13020213
In base 6, what is -323351 - -11?
-323340
In base 3, what is -1 + 110102001?
110102000
In base 6, what is 121 + -40232?
-40111
In base 15, what is 2 + 5a3?
5a5
In base 6, what is 314114 - 4?
314110
In base 10, what is -3 + -12157?
-12160
In base 8, what is -4 - -236062?
236056
In base 13, what is -c - -19c5?
19b6
In base 12, what is -2 + 2273?
2271
In base 10, what is -1282416 - -4?
-1282412
In base 16, what is -6ba - 3d1?
-a8b
In base 3, what is -121102 - -1112?
-112220
In base 11, what is 302 - -185?
487
In base 15, what is -418 - 57?
-470
In base 8, what is 2 - 5571?
-5567
In base 5, what is 103 + 340023?
340131
In base 6, what is 545431 - -2?
545433
In base 2, what is -100100001100 - 10111?
-100100100011
In base 7, what is -220645 - -265?
-220350
In base 10, what is 0 + -40954?
-40954
In base 15, what is -316eae - -4?
-316eaa
In base 6, what is -130045 - -13?
-130032
In base 3, what is 2002020100 - 112?
2002012211
In base 16, what is b050 + -2?
b04e
In base 9, what is 15 + 1435?
1451
In base 12, what is -1a + 1598?
157a
In base 16, what is -f73 - -2b?
-f48
In base 16, what is -10e16 - -5?
-10e11
In base 13, what is -97c1c - -4?
-97c18
In base 11, what is 2275 + -3?
2272
In base 3, what is 11 - 210102110?
-210102022
In base 5, what is -3010 - 231030?
-234040
In base 11, what is 15 - 78938?
-78923
In base 15, what is -5bbc9 + 1?
-5bbc8
In base 12, what is 20b1 - -1?
20b2
In base 10, what is 8 + 179675?
179683
In base 4, what is 20230 + -10?
20220
In base 16, what is -1 + 619c?
619b
In base 13, what is -763 - -783?
20
In base 16, what is -273 - 1b?
-28e
In base 6, what is 32 + 515?
551
In base 5, what is -130304 + 11344?
-113410
In base 15, what is -326 + 72?
-2a4
In base 4, what is -2 + 10030232?
10030230
In base 9, what is -1818 + -5?
-1824
In base 2, what is -1001110001000010001 - -11?
-1001110001000001110
In base 16, what is -268f + 2be?
-23d1
In base 4, what is -3021011 - 11000?
-3032011
In base 2, what is 11101011 + -10?
11101001
In base 2, what is 0 + 1100011100000?
1100011100000
In base 13, what is -59 - -50a9?
5050
In base 15, what is abd89 + 5?
abd8e
In base 7, what is -4 - -1324604?
1324600
In base 10, what is 82 - -3228?
3310
In base 4, what is 20220020 + -20?
20220000
In base 8, what is -2135204 + -1?
-2135205
In base 15, what is 0 + -2019d?
-2019d
In base 15, what is 333 - 755?
-422
In base 8, what is -3 + -22735?
-22740
In base 9, what is -31 + 1534?
1503
In base 7, what is 615 + 2131?
3046
In base 2, what is -1000101011 - 1110010?
-1010011101
In base 6, what is 52222 - 20?
52202
In base 15, what is e40e0 - -4?
e40e4
In base 11, what is 3 - -3780a5?
3780a8
In base 13, what is -2 + -3b39?
-3b3b
In base 10, what is 5068 - 44?
5024
In base 16, what is 0 - 24e7c?
-24e7c
In base 6, what is 150 - -2413?
3003
In base 13, what is 28105 - 5?
28100
In base 13, what is -3428 - -4?
-3424
In base 15, what is 48 + -2393?
-234a
In base 13, what is 12 + -4918b?
-49179
In base 11, what is 3 + 22131?
22134
In base 11, what is 2a613 - 35?
2a589
In base 15, what is 8335 + -c?
8328
In base 13, what is 80216 - 4?
80212
In base 14, what is -12 + -1858?
-186a
In base 8, what is -72 - -226?
134
In base 2, what is -100011010 + 110?
-100010100
In base 10, what is 933261 + -3?
933258
In base 11, what is -325 + 3a3?
79
In base 9, what is 5 - 48282?
-48276
In base 8, what is 27654 + 20?
27674
In base 11, what is -1 - 15083?
-15084
In base 12, what is -205b - -13?
-2048
In base 5, what is -234 + 333?
44
In base 11, what is -3 + 3a440?
3a438
In base 14, what is 9a - -321c?
32b8
In base 13, what is 93 + -18c?
-c9
In base 5, what is -11 + -1102122?
-1102133
In base 6, what is -5 - -54240?
54231
In base 9, what is 112703 + 3?
112706
In base 16, what is 4a574 + 7?
4a57b
In base 3, what is -12211101 - 201?
-12212002
In base 2, what is -110 - -100001001110001?
100001001101011
In base 2, what is -110110100011 + -101111?
-110111010010
In base 10, what is 59 + 91316?
91375
In base 9, what is -14717 + -2?
-14720
In base 6, what is 1010 + -1533?
-523
In base 16, what is -1 + -466c?
-466d
In base 14, what is 5 - 102cd?
-102c8
In base 7, what is -4131 + 422?
-3406
In base 8, what is 1431372 - 0?
1431372
In base 6, what is -505355 + -5?
-505404
In base 3, what is -2011211022211 - 10?
-2011211022221
In base 7, what is 103 + -5?
65
In base 7, what is -565 - -44?
-521
In base 8, what is -5313 - 477?
-6012
In base 2, what is 100001010111101001 - -1?
100001010111101010
In base 7, what is -3 - 36344?
-36350
In base 8, what is -131336 - -21?
-131315
In base 12, what is 4672a + -1?
46729
In base 12, what is -4a - -2159?
210b
In base 16, what is -1ce0f + 5?
-1ce0a
In base 3, what is -1010020 + 1111?
-1001202
In base 8, what is -1237 - 317?
-1556
In base 2, what is 11 + 10110111111000?
10110111111011
In base 4, what is 2101031 + 2?
2101033
In base 16, what is 3 - -2373?
2376
In base 9, what is -10 + -2183?
-2203
In base 7, what is -12 + 1041?
1026
In base 5, what is 3343 - -3240?
12133
In base 15, what is -5 - 43e8?
-43ed
In base 12, what is -1a - 48?
-66
In base 